s of 518178?
2, 3, 67, 1289
What are the prime factors of 216138?
2, 3, 13, 17, 163
What are the prime factors of 575021?
73, 7877
List the prime factors of 17321264.
2, 1082579
What are the prime factors of 333576?
2, 3, 41, 113
What are the prime factors of 161345?
5, 23, 61
What are the prime factors of 15668504?
2, 1958563
What are the prime factors of 1261143?
3, 13, 3593
List the prime factors of 2611701.
3, 290189
What are the prime factors of 2014434?
2, 3, 111913
List the prime factors of 471583.
7, 67369
List the prime factors of 60595.
5, 12119
What are the prime factors of 150110?
2, 5, 17, 883
What are the prime factors of 135483?
3, 45161
What are the prime factors of 2248660?
2, 5, 29, 3877
List the prime factors of 500999.
73, 6863
List the prime factors of 89342.
2, 11, 31, 131
List the prime factors of 252738.
2, 3, 19, 739
What are the prime factors of 1816270?
2, 5, 29, 6263
What are the prime factors of 8486163?
3, 7, 2749
What are the prime factors of 1229141?
1229141
List the prime factors of 265615.
5, 7, 7589
List the prime factors of 33708.
2, 3, 53
What are the prime factors of 4546527?
3, 1515509
List the prime factors of 3241.
7, 463
What are the prime factors of 3130455?
3, 5, 208697
What are the prime factors of 6096700?
2, 5, 41, 1487
What are the prime factors of 3682574?
2, 7, 17, 15473
What are the prime factors of 15574008?
2, 3, 648917
What are the prime factors of 2168419?
11, 31, 6359
What are the prime factors of 1285450?
2, 5, 47, 547
List the prime factors of 308851.
308851
What are the prime factors of 493786?
2, 149, 1657
List the prime factors of 3879325.
5, 19, 8167
List the prime factors of 5914618.
2, 163, 18143
What are the prime factors of 31504?
2, 11, 179
What are the prime factors of 365190?
2, 3, 5, 7, 37, 47
List the prime factors of 838427.
79, 10613
What are the prime factors of 1399309?
31, 45139
List the prime factors of 489177.
3, 13, 37, 113
What are the prime factors of 1176558?
2, 3, 157, 1249
List the prime factors of 13140472.
2, 1642559
List the prime factors of 239850.
2, 3, 5, 13, 41
What are the prime factors of 7781?
31, 251
List the prime factors of 2864489.
23, 124543
List the prime factors of 3320601.
3, 97, 11411
What are the prime factors of 464822?
2, 232411
List the prime factors of 273510.
2, 3, 5, 1013
List the prime factors of 8792295.
3, 5, 586153
What are the prime factors of 1750131?
3, 163, 1193
What are the prime factors of 772509?
3, 257503
What are the prime factors of 2055358?
2, 1027679
What are the prime factors of 730767?
3, 243589
List the prime factors of 5489460.
2, 3, 5, 30497
What are the prime factors of 18376?
2, 2297
What are the prime factors of 103142?
2, 13, 3967
List the prime factors of 28668427.
28668427
List the prime factors of 25911977.
7, 13, 284747
List the prime factors of 17803460.
2, 5, 61, 14593
What are the prime factors of 1219594?
2, 37, 16481
List the prime factors of 221707.
221707
List the prime factors of 15735.
3, 5, 1049
List the prime factors of 12001751.
929, 12919
List the prime factors of 411924.
2, 3, 34327
List the prime factors of 6415429.
6415429
List the prime factors of 336964.
2, 61, 1381
What are the prime factors of 11609289?
3, 1289921
List the prime factors of 7053197.
7053197
List the prime factors of 821510.
2, 5, 113, 727
What are the prime factors of 68857?
37, 1861
List the prime factors of 5698.
2, 7, 11, 37
List the prime factors of 357697.
17, 53, 397
List the prime factors of 530030.
2, 5, 53003
List the prime factors of 19177396.
2, 7, 37, 107, 173
What are the prime factors of 11016117?
3, 7, 174859
What are the prime factors of 82543?
197, 419
List the prime factors of 167831.
23, 7297
What are the prime factors of 2111261?
19, 111119
What are the prime factors of 355610?
2, 5, 43, 827
What are the prime factors of 967134?
2, 3, 7, 23027
List the prime factors of 37666153.
7, 337, 2281
List the prime factors of 9797.
97, 101
What are the prime factors of 488180?
2, 5, 7, 11, 317
List the prime factors of 870579.
3, 96731
List the prime factors of 2437699.
11, 167, 1327
What are the prime factors of 887625?
3, 5, 263
What are the prime factors of 670767?
3, 223589
What are the prime factors of 278597?
11, 19, 31, 43
What are the prime factors of 970292?
2, 17, 19, 751
List the prime factors of 3680717.
229, 16073
What are the prime factors of 887109?
3, 295703
What are the prime factors of 17119?
17, 19, 53
List the prime factors of 152323.
19, 8017
What are the prime factors of 6121?
6121
List the prime factors of 26607282.
2, 3, 13, 43, 7933
List the prime factors of 3194136.
2, 3, 11, 37, 109
What are the prime factors of 265860?
2, 3, 5, 7, 211
What are the prime factors of 1702789?
11, 154799
What are the prime factors of 1456349?
31, 109, 431
List the prime factors of 8976615.
3, 5, 379, 1579
List the prime factors of 4443147.
3, 43, 89
List the prime factors of 104718.
2, 3, 31, 563
List the prime factors of 149950.
2, 5, 2999
What are the prime factors of 129242?
2, 64621
List the prime factors of 7232948.
2, 23, 29, 2711
What are the prime factors of 15846310?
2, 5, 23, 68897
List the prime factors of 1002797.
1002797
What are the prime factors of 1724424?
2, 3, 13, 5527
List the prime factors of 30508109.
30508109
What are the prime factors of 661757?
31, 21347
List the prime factors of 2669083.
47, 109, 521
List the prime factors of 37215.
3, 5, 827
What are the prime factors of 1415306?
2, 707653
What are the prime factors of 188833?
188833
What are the prime factors of 1210106?
2, 43, 14071
List the prime factors of 1356750.
2, 3, 5, 67
List the prime factors of 2939430.
2, 3, 5, 13, 7537
List the prime factors of 1658765.
5, 331753
List the prime factors of 56189.
7, 23, 349
What are the prime factors of 5008126?
2, 29, 79, 1093
List the prime factors of 197630.
2, 5, 19763
What are the prime factors of 744404?
2, 149, 1249
What are the prime factors of 531452?
2, 132863
What are the prime factors of 3501811?
3501811
List the prime factors of 73679.
73679
What are the prime factors of 4915558?
2, 29, 84751
List the prime factors of 267605.
5, 13, 23, 179
List the prime factors of 229725.
3, 5, 1021
List the prime factors of 294706.
2, 147353
List the prime factors of 3462916.
2, 865729
What are the prime factors of 5542084?
2, 1385521
What are the prime factors of 27129292?
2, 883, 7681
What are the prime factors of 311769?
3, 1283
What are the prime factors of 364695?
3, 5, 41, 593
What are the prime factors of 16257863?
19, 59, 14503
What are the prime factors of 9953726?
2, 43, 115741
What are the prime factors of 16004145?
3, 5, 41, 53, 491
List the prime factors of 23573226.
2, 3, 47, 179, 467
What are the prime factors of 145627?
107, 1361
List the prime factors of 3369610.
2, 5, 336961
List the prime factors of 5712251.
461, 12391
What are the prime factors of 1551619?
1551619
What are the prime factors of 22012?
2, 5503
List the prime factors of 5284989.
3, 29, 20249
What are the prime factors of 5531722?
2, 7, 37, 59, 181
List the prime factors of 2763767.
563, 4909
List the prime factors of 383232.
2, 3, 499
List the prime factors of 1693438.
2, 17, 49807
What are the prime factors of 3167812?
2, 709, 1117
What are the prime factors of 22329?
3, 827
What are the prime factors of 66056?
2, 23, 359
List the prime factors of 458411.
557, 823
List the prime factors of 4078879.
7, 29, 71, 283
What are the prime factors of 187005?
3, 5, 7, 13, 137
List the prime factors of 7691170.
2, 5, 769117
What are the prime factors of 1725990?
2, 3, 5, 7, 8219
What are the prime factors of 6618179?
41, 151, 1069
What are the prime factors of 5503301?
29, 109, 1741
What are the prime factors of 529276?
2, 11, 23, 523
What are the prime factors of 226945?
5, 45389
What are the prime factors of 21058261?
7, 43, 1627
What are the prime factors of 470372?
2, 7, 107, 157
List the prime factors of 20609116.
2, 11, 468389
List the prime factors of 685456.
2, 42841
List the prime factors of 10599680.
2, 5, 7, 13
What are the prime factors of 347014?
2, 29, 31, 193
What are the prime factors of 281117?
281117
List the prime factors of 13735.
5, 41, 67
What are the prime factors of 1868916?
2, 3,